 4 + -2. Let p be (-1)/a - 12/(-8). Let v = 3 - p. What is the remainder when 5 is divided by v?
1
Let l = -110 + 159. What is the remainder when l is divided by (-49)/(-4) + 6/8?
10
Let b = 5 - 0. Let p(t) = 4*t. Let a be p(5). Suppose -3*m + h = -a, h + h - 8 = 0. Calculate the remainder when m is divided by b.
3
Let m(r) = 5*r**2 + r + 1. Let o be m(-1). Suppose 31 = -o*l + 91. Calculate the remainder when -70*(-4)/32*(3 - -1) is divided by l.
11
Let h(z) be the first derivative of -2*z**2 + 6*z - 2. Let p be h(4). Let s = p + 31. What is the remainder when s is divided by 11?
10
Let s = 105 + -48. Suppose -4*x - 17 = -s. Calculate the remainder when 29 is divided by x.
9
Suppose 5*u - 30 = -2*n + 11, -4*n + 43 = -3*u. Let f(c) = c**2 - 5*c - 2. What is the remainder when n is divided by f(6)?
1
Suppose 2*j + 26 = 2*n, -4*n + 3*j = 6*j - 24. What is the remainder when 8/(-12) - 214/(-6) is divided by n?
8
Suppose 3*z + 20 = -4. Let p(l) = l**2 + 6*l - 4. What is the remainder when 46 is divided by p(z)?
10
What is the remainder when (-41)/(-3) + (-31)/(-93) is divided by 8?
6
Suppose v - 5*d = -15, -5*d + 15 = 4*v + v. Suppose -22 = -v*c - c. Calculate the remainder when c is divided by (-4)/(-10) - 174/(-15).
10
Suppose -5*a + 2*l + 99 + 106 = 0, l = 5. Suppose 0 = -4*c + a + 61. What is the remainder when c is divided by 14?
12
Calculate the remainder when 46 is divided by (-7)/(7/(-3)) + (-18)/(-2).
10
Let i(h) = -h + 10. Let f be i(6). Let q(m) = 4*m - 1. Calculate the remainder when 28 is divided by q(f).
13
Calculate the remainder when ((-48)/(-20))/(36/35 + -1) is divided by 22.
18
Suppose -4*c = -2*c - 3*w - 186, -c = 3*w - 111. What is the remainder when c is divided by 25?
24
Suppose -4*b = -3*f - 12, -5*f - b + 4*b - 9 = 0. Suppose 17 = d - f*d. What is the remainder when d is divided by 6?
5
Let a(r) = 9*r - 36. What is the remainder when 39 is divided by a(7)?
12
Suppose -24 = -h - 5*n, -3*n + 49 = 5*h - 49. Let b = 52 + -29. Let a = -13 + b. Calculate the remainder when h is divided by a.
9
Suppose -42 = -5*o + 18. Suppose -3*g + 30 = o. Calculate the remainder when 23 is divided by g.
5
Let s(f) = 2*f - 6. Let z be s(4). Let t be 2 - 348/(-3) - z. Suppose -t = -5*j + 4. What is the remainder when j is divided by 13?
11
Suppose 3*w - 59 = 55. What is the remainder when w is divided by 10?
8
Let m(g) be the first derivative of 0*g - 2 - 5*g**2 + g + 3*g**2. Calculate the remainder when m(-1) is divided by 3.
2
Let r(o) = -o**2 - 9*o - 13. What is the remainder when 18 is divided by r(-6)?
3
Suppose -2*h + 24 + 38 = 0. Let b be (-122)/14 - 2/7. Let w = b + h. Calculate the remainder when w is divided by 8.
6
Suppose 0 = -2*w + 36 + 8. Let m(n) = n**2 + 3*n - 2. Calculate the remainder when w is divided by m(2).
6
Let v(d) = -d**2 + 8*d + 1. Let i be v(4). Suppose 0*r + 106 = 2*r. What is the remainder when r is divided by (i - (-6)/3) + -1?
17
Let r(b) = -2*b + 10. Suppose 5*f + 25 = -0*f. Let n be (6/f)/(3/20). What is the remainder when r(n) is divided by 14?
12
Let c = -9 - -14. What is the remainder when (-10 + 11)*8/1 is divided by c?
3
Let t = 7 - -10. Suppose -2*n = -48 - 48. Calculate the remainder when n is divided by t.
14
Let q(f) = f**2 - 6*f - 8. Calculate the remainder when 91 is divided by q(9).
15
Suppose -5*u - 2*j - 47 = -182, -u + 27 = j. Let h = u - 10. Calculate the remainder when h is divided by 10.
7
Let w(n) = -n**2 + 9*n - 1. What is the remainder when (-438)/(-9) - (-2)/6 is divided by w(6)?
15
Suppose 2*r - 3*r = -13. Suppose -5*l + z - 1 = -30, 2*l + z = r. Let p = 2 + l. What is the remainder when 15 is divided by p?
7
Suppose 16 + 8 = 3*o - 3*b, 4 = -2*o - 3*b. Calculate the remainder when 11 is divided by o.
3
Let h = 11 + 5. Calculate the remainder when 76 is divided by h.
12
Suppose 0 = 2*m - 9 + 1. Suppose 3*a = 2*c + 11, 0 = -a + 5*c - 9 + 4. What is the remainder when a is divided by m?
1
Suppose -5*l + 15 = -0*l. Suppose 4*k + 2*y = 106, -l*k + 2*y + 0*y + 83 = 0. What is the remainder when k is divided by 14?
13
Calculate the remainder when ((-198)/(-27))/((-2)/(-33)) is divided by 42.
37
Let t(z) = 5*z**2 + 3*z - 5. Let c = -3 + -1. Let f(y) = 9*y**2 + 7*y - 9. Let l(n) = c*f(n) + 7*t(n). Calculate the remainder when l(-5) is divided by 4.
3
Suppose -47*s + 42*s + 40 = 0. Calculate the remainder when 12 is divided by s.
4
Let f(y) = -y**2 - 15*y + 2. Let u be f(-10). Let d = -17 + u. Calculate the remainder when d is divided by 12.
11
What is the remainder when 34 is divided by (-6)/(4 - (-28)/(-6))?
7
Suppose 0 = 3*x - 223 + 61. What is the remainder when x is divided by (-796)/(-28) - 6/14?
26
Let o(a) = a**2 + 7*a. Let w be o(-7). Let v(b) = -b**2 - b + 5. Let n be v(w). Suppose 0 = n*p - p - 160. What is the remainder when p is divided by 21?
19
Let m(a) = -a**3 - a**2 + 2*a + 22. Let d = -2 - -14. Calculate the remainder when m(0) is divided by d.
10
Let n = 34 - 16. Calculate the remainder when n is divided by 7.
4
Suppose 4*q - 2*f = 16, 5*q + 2*f - 6*f = 23. Suppose -2*b = -4*c + b + 11, -q*c - b = -5. What is the remainder when 5 is divided by c?
1
Suppose -52 = -3*s - 4*i, -5*s + 4*i - 3*i = -79. What is the remainder when s is divided by 12?
4
Suppose 52 = 3*q + 4. Calculate the remainder when 44 is divided by q.
12
Let b(c) = -2*c**2 - c - 7. Suppose 0 = -4*x + 5*v + 15, -5*x - 3*v = -0*x - 28. Let j be b(x). Let s = j + 88. Calculate the remainder when s is divided by 9.
8
Let h = 5 - -5. Suppose 33*c - 72 = 29*c. Calculate the remainder when c is divided by h.
8
Let x = -7 - -15. Let j = -7 + x. Calculate the remainder when 1 is divided by j.
0
Suppose 4*l - 732 = -z + 3*z, -l = 5*z - 205. Calculate the remainder when l is divided by 17.
15
Suppose -2*o + 4*z - 3 = -o, -4*o + 10 = -5*z. Suppose 4*m = 3*m - 1, o*n = 3*m + 93. Suppose 35 = -2*f + 3*f. Calculate the remainder when f is divided by n.
17
Let n = 52 + 8. Calculate the remainder when n is divided by 21.
18
Suppose 5*v - 17 = 2*g - g, 2*g = 3*v - 6. Let j = 0 + v. Let h = -6 - -8. Calculate the remainder when j is divided by h.
0
Let g(a) = 9*a - 22. Calculate the remainder when 43 is divided by g(5).
20
Suppose 110 - 46 = 4*d. What is the remainder when 46 is divided by d?
14
Suppose -3*j + 17 = -13. Suppose 0*m + 5*m - j = 0. What is the remainder when 7 is divided by m?
1
Let z(i) = i**3 + i**2 - i + 8. Suppose 0 = -5*o + 4*o. Let b = 18 - 4. Calculate the remainder when b is divided by z(o).
6
Suppose 4*z - 5*s = 239, -2*s - 335 = -5*z - 3*s. Suppose -2*g = g - z. Calculate the remainder when g is divided by 12.
10
What is the remainder when 15 - -3 - (4 + -2)*-1 is divided by 12?
8
Let q = 10 + -8. Suppose 0 = q*y + 4*n + 4, -5*n = 4*y - y + 4. Calculate the remainder when (29 - (y - 0)) + -1 is divided by 9.
8
Suppose 5*z = 4*h - 3*h + 22, -3*z = 5*h - 30. Let a(x) = x**3 + 5*x - 4. Calculate the remainder when z is divided by a(1).
1
Let x(s) = s**3 + 5*s**2 - 6*s + 8. Calculate the remainder when 31 is divided by x(-6).
7
Suppose 75 = 3*s - 48. Let y = 10 + 1. Calculate the remainder when s is divided by y.
8
Suppose z = -5*z + 72. Calculate the remainder when 46 is divided by z.
10
Let h(z) = 2*z**2 - 3*z + 3. What is the remainder when h(-4) is divided by 12?
11
Let z be (-1 - -4)*200/(-6). Calculate the remainder when 11 is divided by 4/(-6) + z/(-15).
5
Suppose -2*t + w + 43 = -4*w, t + 16 = -5*w. What is the remainder when 34 is divided by t?
7
Let g(a) = -a + 4. Let i(d) = 4*d**3 - d**2 + d. What is the remainder when g(-9) is divided by i(1)?
1
Suppose 47 = 3*f - 2*f. Suppose 4*u - 33 = -3*v, -2*u + 4*v + 29 = 3*v. Suppose 4*w - 36 = u. Calculate the remainder when f is divided by w.
11
Let j(n) be the second derivative of -2*n**3/3 - 7*n**2 - 2*n. Calculate the remainder when j(-13) is divided by 13.
12
Suppose 5*i - v = 11, -4*v - v = 5. Suppose 3*h - 4*l + 182 = 0, -h = -5*h + i*l - 236. What is the remainder when 4/12 + h/(-6) is divided by 6?
4
Suppose -3*v - 24 = -7*v. Calculate the remainder when 29 is divided by v.
5
Suppose 13 = -3*x - 4*m, -2*m - 5 = -4*x + 7. Calculate the remainder when 3 is divided by x.
0
Let v = 7 + -11. Let f(q) = -q + 1. Calculate the remainder when f(-4) is divide